{"id":14637,"date":"2021-03-18T09:06:15","date_gmt":"2021-03-18T12:06:15","guid":{"rendered":"https:\/\/rcteam.com.br\/rcshop\/?post_type=product&#038;p=14637"},"modified":"2026-01-15T01:10:14","modified_gmt":"2026-01-15T04:10:14","slug":"mercedes-benz-ls-1635-atron-ets-2","status":"publish","type":"product","link":"https:\/\/rcteam.com.br\/rcshop\/produto\/mercedes-benz-ls-1635-atron-ets-2\/","title":{"rendered":"Mercedes-Benz LS 1635 Atron | ETS 2"},"content":{"rendered":"<p>Tudo come\u00e7ou em 1988 com o primeiro caminh\u00e3o da linha HPN, o L1618 com 180cv e um design inovador e muito avan\u00e7ado em sua \u00e9poca. Um sucesso em sua \u00e9poca, rapidamente adotados pelos maiores transportadores de cargas do Brasil e Am\u00e9rica Latina.<\/p>\n<p>Os novos conceitos de cabines chegaram nos pesados e logo foram lan\u00e7ados os maiores \u00edcones da marca no Brasil, o LS 1935 e 1941 e desde ent\u00e3o a fam\u00edlia cresceu, chegando a segunda gera\u00e7\u00e3o, a Linha HSK, passando pelo LS 1938, LS 1632 e LS 1634 em meados de 2001.<\/p>\n<p>O Sucesso de vendas do LS 1634 fez o caminh\u00e3o perdurar por mais de 10 anos em linha de produ\u00e7\u00e3o e cedeu o lugar ao que seria o \u00faltimo dos bicudos da marca e tamb\u00e9m brasileiro em produ\u00e7\u00e3o, o Atron 1635.<\/p>\n<p>A Linha Atron, lan\u00e7ada a partir de 2012, \u00e9 um redesign d\u00e1 j\u00e1 consagrada linha HSK e caiu como um presente para os amantes da marca, al\u00e9m de contar com as tecnologias mais recentes da Mercedes-Benz.<\/p>\n<h4>Cabine e Interior:<\/h4>\n<table>\n<thead>\n<tr>\n<td>Atron 1635<\/td>\n<\/tr>\n<\/thead>\n<tbody>\n<tr>\n<td>Leito Semi-Avan\u00e7ada<\/td>\n<\/tr>\n<\/tbody>\n<\/table>\n<h4>Chassis:<\/h4>\n<table>\n<thead>\n<tr>\n<td>Atron 1635<\/td>\n<\/tr>\n<\/thead>\n<tbody>\n<tr>\n<td>4&#215;2 com 5\u00aa Roda baixa (Vers\u00e3o de F\u00e1brica)<\/td>\n<\/tr>\n<tr>\n<td>4&#215;2 com 5\u00aa Roda alta (Vers\u00e3o de F\u00e1brica)<\/td>\n<\/tr>\n<tr>\n<td>6&#215;2 com 5\u00aa Roda baixa (Terceiro Eixo)<\/td>\n<\/tr>\n<tr>\n<td>6&#215;2 com 5\u00aa Roda alta (Terceiro Eixo)<\/td>\n<\/tr>\n<tr>\n<td>6&#215;2 com 5\u00aa Roda baixa (Bidirecional)<\/td>\n<\/tr>\n<tr>\n<td>6&#215;2 com 5\u00aa Roda alta (Bidirecional)<\/td>\n<\/tr>\n<\/tbody>\n<\/table>\n<h4>Motores:<\/h4>\n<table>\n<thead>\n<tr>\n<td>Atron 1635<\/td>\n<\/tr>\n<\/thead>\n<tbody>\n<tr>\n<td>Motor OM 457 LA BLUETEC 5 &#8211; 345 CV &#8211; Eletr\u00f4nico<\/td>\n<\/tr>\n<tr>\n<td>Motor OM 457 LA BLUETEC 5- 391 CV &#8211; Eletr\u00f4nico &#8211; POWERCHIP BRASIL<\/td>\n<\/tr>\n<tr>\n<td>Motor OM 457 LA BLUETEC 5- 417 CV &#8211; Eletr\u00f4nico &#8211; DTE SYSTEMS<\/td>\n<\/tr>\n<\/tbody>\n<\/table>\n<h4>Caixa de Marchas:<\/h4>\n<table>\n<thead>\n<tr>\n<td>Atron 1635<\/td>\n<\/tr>\n<\/thead>\n<tbody>\n<tr>\n<td>ZF 1650 4 + 4 Marchas + Redu\u00e7\u00e3o (16 Veloc.) \/ Dif: 3.71<\/td>\n<\/tr>\n<\/tbody>\n<\/table>\n<p>&nbsp;<\/p>\n<table>\n<thead>\n<tr>\n<td style=\"text-align: left;\">Intera\u00e7\u00e3o com o jogo<\/td>\n<\/tr>\n<\/thead>\n<tbody>\n<tr>\n<td>\n<ul>\n<li style=\"text-align: left;\">Compat\u00edvel com a DLC&#8217;s de acess\u00f3rios da SCS (N\u00e3o inclusa);<\/li>\n<li style=\"text-align: left;\">Customiza\u00e7\u00e3o de pinturas no gerenciador;<\/li>\n<li style=\"text-align: left;\">Diversas Skins de empresas reais<\/li>\n<li style=\"text-align: left;\">5 slots de template skin.<\/li>\n<\/ul>\n<\/td>\n<\/tr>\n<\/tbody>\n<\/table>\n<table>\n<thead>\n<tr>\n<td style=\"text-align: left;\">Acess\u00f3rios e Customiz\u00e1veis: Na Cabine<\/td>\n<\/tr>\n<\/thead>\n<tbody>\n<tr>\n<td>\n<ul>\n<li style=\"text-align: left;\">1 Varia\u00e7\u00e3o de para-choques Original pint\u00e1vel<\/li>\n<li style=\"text-align: left;\">2 Varia\u00e7\u00f5es de far\u00f3is de milha (Alto\/Baixo)<\/li>\n<li style=\"text-align: left;\">2 varia\u00e7\u00f5es de grade frontal (Pint\u00e1vel\/Orignal)<\/li>\n<li style=\"text-align: left;\">3 Varia\u00e7\u00f5es de defletor do cap\u00f4<\/li>\n<li style=\"text-align: left;\">2 Varia\u00e7\u00f5es de para-sol pint\u00e1vel (Com\/Sem logo)<\/li>\n<li style=\"text-align: left;\">3 Slots de Foguinho no para-sol (2 op\u00e7\u00f5es de posi\u00e7\u00e3o)<\/li>\n<li style=\"text-align: left;\">1 Slots de letreiro edit\u00e1vel no para-sol (2 posi\u00e7\u00f5es)<\/li>\n<li style=\"text-align: left;\">4 Varia\u00e7\u00f5es de rodoar (4&#215;2 e 6&#215;2) (aberto e fechado)<\/li>\n<li style=\"text-align: left;\">4 Slots de antenas realistas (2 frontais\/2 traseiras)<\/li>\n<li style=\"text-align: left;\">1 Adesivo de vidro edit\u00e1vel<\/li>\n<li style=\"text-align: left;\">2 Modelos de retrovisor (originais e paralelos)<\/li>\n<li style=\"text-align: left;\">2 Slots do boneco da Michelin no retrovisor<\/li>\n<li style=\"text-align: left;\">3 Varia\u00e7\u00f5es de climatizador<\/li>\n<li style=\"text-align: left;\">4 Varia\u00e7\u00f5es de defletor de cabine<\/li>\n<li style=\"text-align: left;\">4 Varia\u00e7\u00f5es de Buzinas a ar (45, 64, 74, 100 cm)<\/li>\n<li style=\"text-align: left;\">Rastreador<\/li>\n<li style=\"text-align: left;\">Luz de cabine Traseira<\/li>\n<li style=\"text-align: left;\">Adesivos de Tara<\/li>\n<li style=\"text-align: left;\">2 Varia\u00e7\u00f5es de estribo (Com e sem porta chinelo)<\/li>\n<li style=\"text-align: left;\">10 slots de foguinho no estribo (5 + 5)<\/li>\n<\/ul>\n<\/td>\n<\/tr>\n<\/tbody>\n<\/table>\n<table>\n<thead>\n<tr>\n<td style=\"text-align: left;\">Acess\u00f3rios e Customiz\u00e1veis: No Interior<\/td>\n<\/tr>\n<\/thead>\n<tbody>\n<tr>\n<td style=\"text-align: left;\">\n<ul>\n<li>1 Slot de r\u00e1dio PX no interior<\/li>\n<li>2 Varia\u00e7\u00f5es de cortinas<\/li>\n<li>5 Varia\u00e7\u00f5es de luz de cabine<\/li>\n<li>1 Slot de CD Player no painel<\/li>\n<li>2 Varia\u00e7\u00f5es de cama<\/li>\n<\/ul>\n<\/td>\n<\/tr>\n<\/tbody>\n<\/table>\n<table>\n<thead>\n<tr>\n<td style=\"text-align: left;\">Acess\u00f3rios e Customiz\u00e1veis: No Chassis<\/td>\n<\/tr>\n<\/thead>\n<tbody>\n<tr>\n<td style=\"text-align: left;\">\n<ul>\n<li>7 Varia\u00e7\u00f5es de escapamento (Original e diretos cromados)<\/li>\n<li>22 Varia\u00e7\u00f5es de tanques (Pl\u00e1stico originais e Inox)<\/li>\n<li>24 Varia\u00e7\u00f5es de tanques auxiliares (Sobre o chassis)<\/li>\n<li>24 Varia\u00e7\u00f5es de para-lamas traseiros (originais e pint\u00e1veis)<\/li>\n<li>1 Jogo Rodas de ferro + cubos originais MB (Incluindo cubo HL7 e Auxiliar)<\/li>\n<li>14 Varia\u00e7\u00f5es de lameiros traseiros (originais, pintados e edit\u00e1vel)<\/li>\n<li>5 op\u00e7\u00f5es de suporte de mangueiras (Original\/Com tanque hidr\u00e1ulico\/ Com compressor de\u00a0 Ar)<\/li>\n<\/ul>\n<\/td>\n<\/tr>\n<\/tbody>\n<\/table>\n<table>\n<thead>\n<tr>\n<td style=\"text-align: left;\">Compatibilidade<\/td>\n<\/tr>\n<\/thead>\n<tbody>\n<tr>\n<td style=\"text-align: left;\">\n<ul>\n<li>Concession\u00e1ria Mercedes-Benz<\/li>\n<\/ul>\n<\/td>\n<\/tr>\n<\/tbody>\n<tfoot>\n<tr>\n<td>Alguns mods podem mudar as defini\u00e7\u00f5es padr\u00f5es das concession\u00e1rias do jogo sem aviso pr\u00e9vio e pode fazer com que o mod aqui oferecido deixe de funcionar corretamente, tal condi\u00e7\u00e3o n\u00e3o \u00e9\u00a0 de responsabilidade da RCTEAM, ao comprar o mod voc\u00ea concorda com essa condi\u00e7\u00e3o.<\/td>\n<\/tr>\n<tr style=\"background-color: rgba(255,84,85,1.00);\">\n<td>N\u00e3o daremos suporte a conflitos com outros mods de terceiros ou que afetem a estrutura base do jogo Euro truck Simulator 2<\/td>\n<\/tr>\n<\/tfoot>\n<\/table>\n<table>\n<thead>\n<tr>\n<td style=\"text-align: left;\">Prazo de Entrega e Forma de Envio<\/td>\n<\/tr>\n<\/thead>\n<tbody>\n<tr>\n<td style=\"text-align: left;\">\n<ul>\n<li>Em at\u00e9 2 dias \u00fateis ap\u00f3s a confirma\u00e7\u00e3o do pagamento pela empresa administradora de pagamento.<\/li>\n<li>Arquivo digital (Compartilhamento via Google Drive)<\/li>\n<\/ul>\n<\/td>\n<\/tr>\n<\/tbody>\n<tfoot>\n<tr>\n<td><em>Uma Conta Gmail \u00e9 obrigat\u00f3ria para o recebimento do mod.<\/em><\/td>\n<\/tr>\n<\/tfoot>\n<\/table>\n<table>\n<thead>\n<tr>\n<td style=\"text-align: left;\">Normas de uso<\/td>\n<\/tr>\n<\/thead>\n<tbody>\n<tr>\n<td style=\"text-align: left;\">\n<ul>\n<li style=\"list-style-type: none;\">\n<ul>\n<li>Venda apenas para uso individual do comprador. \u00c9 vetada a edi\u00e7\u00e3o, compartilhamento, distribui\u00e7\u00e3o, doa\u00e7\u00e3o, troca ou revenda da modifica\u00e7\u00e3o.<\/li>\n<li>N\u00e3o mudaremos dados de e-mails dos compradores ap\u00f3s o envio. Exceto se o mesmo for cancelado pelo Google e n\u00e3o seja mais poss\u00edvel enviar atualiza\u00e7\u00f5es.<\/li>\n<\/ul>\n<\/li>\n<\/ul>\n<\/td>\n<\/tr>\n<\/tbody>\n<\/table>\n","protected":false},"excerpt":{"rendered":"<p>Deixe a evolu\u00e7\u00e3o da Linha Atron tomar conta do seu simulador.<\/p>\n<p>O Atron 1635 \u00e9 a \u00faltima gera\u00e7\u00e3o de caminh\u00f5es bicudos e de cabines semi-avan\u00e7adas da MB no Brasil e n\u00f3s da equipe RC n\u00e3o poder\u00edamos deixar de fora do mundo dos games esse belo exemplar.<\/p>\n","protected":false},"featured_media":14667,"template":"","meta":{"_acf_changed":false,"_seopress_robots_primary_cat":"none","_seopress_titles_title":"Mercedes-Bens Atron 1635 para ETS 2","_seopress_titles_desc":"Uma experi\u00eancia de condu\u00e7\u00e3o diferenciada fazem do Atron 1635 um caminh\u00e3o excelente para a sua simula\u00e7\u00e3o no ETS 2.","_seopress_robots_index":""},"product_brand":[],"product_cat":[208],"product_tag":[],"class_list":{"0":"post-14637","1":"product","2":"type-product","3":"status-publish","4":"has-post-thumbnail","6":"product_cat-descontinuados","8":"first","9":"outofstock","10":"shipping-taxable","11":"purchasable","12":"product-type-simple"},"acf":[],"_links":{"self":[{"href":"https:\/\/rcteam.com.br\/rcshop\/wp-json\/wp\/v2\/product\/14637","targetHints":{"allow":["GET"]}}],"collection":[{"href":"https:\/\/rcteam.com.br\/rcshop\/wp-json\/wp\/v2\/product"}],"about":[{"href":"https:\/\/rcteam.com.br\/rcshop\/wp-json\/wp\/v2\/types\/product"}],"wp:featuredmedia":[{"embeddable":true,"href":"https:\/\/rcteam.com.br\/rcshop\/wp-json\/wp\/v2\/media\/14667"}],"wp:attachment":[{"href":"https:\/\/rcteam.com.br\/rcshop\/wp-json\/wp\/v2\/media?parent=14637"}],"wp:term":[{"taxonomy":"product_brand","embeddable":true,"href":"https:\/\/rcteam.com.br\/rcshop\/wp-json\/wp\/v2\/product_brand?post=14637"},{"taxonomy":"product_cat","embeddable":true,"href":"https:\/\/rcteam.com.br\/rcshop\/wp-json\/wp\/v2\/product_cat?post=14637"},{"taxonomy":"product_tag","embeddable":true,"href":"https:\/\/rcteam.com.br\/rcshop\/wp-json\/wp\/v2\/product_tag?post=14637"}],"curies":[{"name":"wp","href":"https:\/\/api.w.org\/{rel}","templated":true}]}}