{"id":14644,"date":"2015-03-18T09:22:42","date_gmt":"2015-03-18T12:22:42","guid":{"rendered":"https:\/\/rcteam.com.br\/rcshop\/?post_type=product&#038;p=14644"},"modified":"2023-11-26T02:17:05","modified_gmt":"2023-11-26T05:17:05","slug":"pacote-adicional-edicao-especial-para-mercedes-benz-atron-1635-ets-2","status":"publish","type":"product","link":"https:\/\/rcteam.com.br\/rcshop\/produto\/pacote-adicional-edicao-especial-para-mercedes-benz-atron-1635-ets-2\/","title":{"rendered":"DLC: Edi\u00e7\u00e3o Especial para MB Atron 1635 &#8211; ETS 2 &#8211; Licenciamento &#8211; 2 Anos"},"content":{"rendered":"<p>O pacote adicional Edi\u00e7\u00e3o Especial \u201cO Caminh\u00e3o Que Fez Hist\u00f3ria\u201d foi produzido pensando nos clientes que adquiriram o<strong><a href=\"https:\/\/rcteam.com.br\/rcshop\/produto\/mercedes-benz-ls-1635-atron-ets-2\/\"> Mercedes-Benz LS 1635 Atron \u2013 ETS 2<\/a><\/strong> e que gostariam de ter a S\u00e9rie Comemorativa #OCaminh\u00e3oQueFezHist\u00f3ria, onde ser\u00e1 poss\u00edvel adicionar diversos acess\u00f3rios exclusivos da s\u00e9rie ao caminh\u00e3o, deixando assim o seu Atron 1635 como sendo uma das 12 \u00faltimas unidades produzidas pela marca no Brasil.<\/p>\n<p>Fa\u00e7a a sua hist\u00f3ria no ETS 2! Deixe o seu bruto exclusivo e reviva essa hist\u00f3ria de sucesso.<\/p>\n<table>\n<thead>\n<tr>\n<td style=\"text-align: left;\">Itens exclusivos da S\u00e9rie Especial<\/td>\n<\/tr>\n<\/thead>\n<tbody>\n<tr>\n<td style=\"text-align: left;\">\n<ul>\n<li>Pintura Exclusiva (#OCaminh\u00e3oQueFezHist\u00f3ria)<\/li>\n<li>Grade dianteira Exclusiva<\/li>\n<li>Rodas de alum\u00ednio de s\u00e9rie e Pneus Pirelli F88<\/li>\n<li>Capas de porca cromadas<\/li>\n<li>Pneus Pirelli FR88 &#8211; Padr\u00e3o MBB<\/li>\n<li>Climatizar com reservat\u00f3rio interno exclusivo<\/li>\n<li>R\u00e1dio Mercedes-Benz de s\u00e9rie<\/li>\n<li>Geladeira Port\u00e1til de 37L<\/li>\n<\/ul>\n<\/td>\n<\/tr>\n<\/tbody>\n<\/table>\n<table>\n<thead>\n<tr>\n<td style=\"text-align: left;\">Intera\u00e7\u00e3o no game<\/td>\n<\/tr>\n<\/thead>\n<tbody>\n<tr>\n<td style=\"text-align: left;\">\n<ul>\n<li>Os acess\u00f3rios podem ser encontrados na Oficina em qualquer mapa<\/li>\n<li>Tamb\u00e9m adiciona uma nova varia\u00e7\u00e3o j\u00e1 personalizada na concession\u00e1ria Mercedes-Benz no jogo<\/li>\n<\/ul>\n<\/td>\n<\/tr>\n<\/tbody>\n<\/table>\n<table>\n<thead>\n<tr>\n<td style=\"text-align: left;\">Add-on compat\u00edvel com os Caminh\u00f5es:<\/td>\n<\/tr>\n<\/thead>\n<tbody>\n<tr>\n<td style=\"text-align: left;\">\n<ul>\n<li>Mercedes-Benz Atron 1635<\/li>\n<\/ul>\n<p><em><strong>Observa\u00e7\u00e3o:<\/strong> <span style=\"color: #3366ff;\">Alguns acess\u00f3rios como rodas e pneus podem funcionar em outros caminh\u00f5es do pr\u00f3prio jogo ou mods, por\u00e9m n\u00e3o j\u00e1 suporte para tais ajustes.<\/span><\/em><\/td>\n<\/tr>\n<\/tbody>\n<\/table>\n<table>\n<thead>\n<tr>\n<td style=\"text-align: left;\">Prazo de Entrega e Forma de Envio<\/td>\n<\/tr>\n<\/thead>\n<tbody>\n<tr>\n<td style=\"text-align: left;\">\n<ul>\n<li>Em at\u00e9 2 dias \u00fateis ap\u00f3s a confirma\u00e7\u00e3o do pagamento pela empresa administradora de pagamento.<\/li>\n<li>Arquivo digital (Compartilhamento via Google Drive)<\/li>\n<\/ul>\n<\/td>\n<\/tr>\n<\/tbody>\n<tfoot>\n<tr>\n<td><em>Uma Conta Gmail \u00e9 obrigat\u00f3ria para o recebimento do mod.<\/em><\/td>\n<\/tr>\n<\/tfoot>\n<\/table>\n<table>\n<thead>\n<tr>\n<td style=\"text-align: left;\">Normas de uso<\/td>\n<\/tr>\n<\/thead>\n<tbody>\n<tr>\n<td style=\"text-align: left;\">\n<ul>\n<li>A compra ser\u00e1 apenas confirmada para clientes que tem registros de compra do Mercedes-Benz Atron 1635, caso n\u00e3o seja detectada a compra do mod que torna funcional o add-on, a compra ser\u00e1 cancelada e o dinheiro devolvido de acordo com as normas de cada meio de pagamento.<\/li>\n<li>Venda apenas para uso individual do comprador. \u00c9 vetada a edi\u00e7\u00e3o, compartilhamento, distribui\u00e7\u00e3o, doa\u00e7\u00e3o, troca ou revenda da modifica\u00e7\u00e3o.<\/li>\n<li>N\u00e3o mudaremos dados de e-mails dos compradores ap\u00f3s o envio. Exceto se o mesmo for cancelado pelo Google e n\u00e3o seja mais poss\u00edvel enviar atualiza\u00e7\u00f5es.<\/li>\n<\/ul>\n<\/td>\n<\/tr>\n<\/tbody>\n<\/table>\n","protected":false},"excerpt":{"rendered":"<p>Adicione os acess\u00f3rios exclusivo da s\u00e9rie Especial &#8220;O Caminh\u00e3o Que Fez Hist\u00f3ria&#8221; ao <strong>Mercedes-Benz Atron 1635 &#8211; ETS 2<\/strong>. O mod \u00e9 um complemento para compradores do caminh\u00e3o e pode deix\u00e1-lo igual a uma das 12 \u00faltimas unidades produzidas no Brasil.<\/p>\n","protected":false},"featured_media":18024,"template":"","meta":{"_acf_changed":false,"_seopress_robots_primary_cat":"none","_seopress_titles_title":"","_seopress_titles_desc":"","_seopress_robots_index":""},"product_brand":[],"product_cat":[76],"product_tag":[],"class_list":{"0":"post-14644","1":"product","2":"type-product","3":"status-publish","4":"has-post-thumbnail","6":"product_cat-pacotes-adicionais","8":"first","9":"outofstock","10":"sold-individually","11":"shipping-taxable","12":"purchasable","13":"product-type-simple"},"acf":[],"_links":{"self":[{"href":"https:\/\/rcteam.com.br\/rcshop\/wp-json\/wp\/v2\/product\/14644","targetHints":{"allow":["GET"]}}],"collection":[{"href":"https:\/\/rcteam.com.br\/rcshop\/wp-json\/wp\/v2\/product"}],"about":[{"href":"https:\/\/rcteam.com.br\/rcshop\/wp-json\/wp\/v2\/types\/product"}],"wp:featuredmedia":[{"embeddable":true,"href":"https:\/\/rcteam.com.br\/rcshop\/wp-json\/wp\/v2\/media\/18024"}],"wp:attachment":[{"href":"https:\/\/rcteam.com.br\/rcshop\/wp-json\/wp\/v2\/media?parent=14644"}],"wp:term":[{"taxonomy":"product_brand","embeddable":true,"href":"https:\/\/rcteam.com.br\/rcshop\/wp-json\/wp\/v2\/product_brand?post=14644"},{"taxonomy":"product_cat","embeddable":true,"href":"https:\/\/rcteam.com.br\/rcshop\/wp-json\/wp\/v2\/product_cat?post=14644"},{"taxonomy":"product_tag","embeddable":true,"href":"https:\/\/rcteam.com.br\/rcshop\/wp-json\/wp\/v2\/product_tag?post=14644"}],"curies":[{"name":"wp","href":"https:\/\/api.w.org\/{rel}","templated":true}]}}