{"id":21914,"date":"2024-07-04T18:17:00","date_gmt":"2024-07-04T21:17:00","guid":{"rendered":"https:\/\/rcteam.com.br\/rcshop\/?post_type=product&#038;p=21914"},"modified":"2025-04-27T18:04:44","modified_gmt":"2025-04-27T21:04:44","slug":"servico-de-conversao-para-pacote-unico-pack-de-reboques-randon-vol-1-ets-2","status":"publish","type":"product","link":"https:\/\/rcteam.com.br\/rcshop\/produto\/servico-de-conversao-para-pacote-unico-pack-de-reboques-randon-vol-1-ets-2\/","title":{"rendered":"Servi\u00e7o de convers\u00e3o para pacote \u00fanico: Pack de Reboques Randon Vol. 1 | ETS 2"},"content":{"rendered":"<p><iframe loading=\"lazy\" title=\"RCSHOP - Aquisi\u00e7\u00e3o de Servi\u00e7os na RCSHOP - 2024\" width=\"500\" height=\"281\" src=\"https:\/\/www.youtube.com\/embed\/2-UPDsrjUf8?feature=oembed\" frameborder=\"0\" allow=\"accelerometer; autoplay; clipboard-write; encrypted-media; gyroscope; picture-in-picture; web-share\" referrerpolicy=\"strict-origin-when-cross-origin\" allowfullscreen><\/iframe><\/p>\n<p>Esse servi\u00e7o \u00e9 destinado a clientes que j\u00e1 adquiriram modifica\u00e7\u00e3o da linha Randon RCSHOP em pacotes individuais e desejam fazer a convers\u00e3o para o produto: <a href=\"https:\/\/rcteam.com.br\/rcshop\/produto\/pre-venda-randon-pack-1-frigorificas-baus-basculante-areia-e-brita-ets-2\/\" target=\"_blank\" rel=\"noopener\">Pack de Reboques Randon Vol. 1 \u2013 Euro Truck Simulator 2<\/a>.<\/p>\n<p><b>Servi\u00e7o Personalizado:<\/b><\/p>\n<p>Ao contratar este servi\u00e7o, ser\u00e1 realizada uma verifica\u00e7\u00e3o das compras anteriores em sua conta para garantir que atendem aos pr\u00e9-requisitos m\u00ednimos. Se tudo estiver correto, voc\u00ea ser\u00e1 inclu\u00eddo como um dos compradores do produto <a href=\"https:\/\/rcteam.com.br\/rcshop\/produto\/pack-de-reboques-randon-vol-1-euro-truck-simulator-2\/\" target=\"_blank\" rel=\"noopener\">Pack de Reboques Randon Vol. 1 \u2013 Euro Truck Simulator 2.<\/a><\/p>\n<p><strong>\u00a0Prazos de execu\u00e7\u00e3o e conclus\u00e3o:<\/strong><\/p>\n<ul>\n<li>4 dias \u00fateis, incluindo o prazo de 2 dias \u00fateis para envio dos novos arquivos.<\/li>\n<\/ul>\n<p><b>Requisitos m\u00ednimos:<\/b><\/p>\n<p>Ser comprador verificado de todos as modifica\u00e7\u00f5es (MOD) listados abaixo:<\/p>\n<ul>\n<li><a href=\"https:\/\/rcteam.com.br\/rcshop\/produto\/bau-frigorifico-2010-randon-ets-2\/\">Frigor\u00edfica 2010 Randon \u2013 ETS 2<\/a><\/li>\n<li><a href=\"https:\/\/rcteam.com.br\/rcshop\/produto\/bau-furgao-2010-randon-ets-2\/\">Furg\u00e3o 2010 Randon \u2013 ETS 2<\/a><\/li>\n<\/ul>\n<p>Todas as modifica\u00e7\u00f5es devem ter sido compradas na mesma conta que ser\u00e1 usada para contratar este servi\u00e7o. N\u00e3o ser\u00e1 aceita a convers\u00e3o e unifica\u00e7\u00e3o em casos onde o comprador tenha m\u00faltiplas contas.<\/p>\n<p><b>Termo de Ren\u00fancia:<\/b><\/p>\n<p>Ao contratar este servi\u00e7o, voc\u00ea concorda em renunciar permanentemente ao recebimento de futuras atualiza\u00e7\u00f5es individuais das seguintes modifica\u00e7\u00f5es:<\/p>\n<ul>\n<li><a href=\"https:\/\/rcteam.com.br\/rcshop\/produto\/bau-frigorifico-2010-randon-ets-2\/\">Frigor\u00edfica 2010 Randon \u2013 ETS 2<\/a><\/li>\n<li><a href=\"https:\/\/rcteam.com.br\/rcshop\/produto\/bau-furgao-2010-randon-ets-2\/\">Furg\u00e3o 2010 Randon \u2013 ETS 2638 \u2013 ETS 2<\/a><\/li>\n<li><a href=\"https:\/\/rcteam.com.br\/rcshop\/produto\/basculante-areia-e-brita-linha-r-2017-randon-ets-2\/\">Basculante Linha R 2017 Randon \u2013 ETS 2<\/a><\/li>\n<\/ul>\n<p>As modifica\u00e7\u00f5es individuais ter\u00e3o o compartilhamento encerrado no Google Drive e, em hip\u00f3tese alguma, o cliente poder\u00e1 solicitar a revers\u00e3o dos termos acordados ao contratar e concluir este servi\u00e7o<\/p>\n<p><b>Voc\u00ea receber\u00e1 uma c\u00f3pia desses termos ao finalizar a compra.<\/b><\/p>\n","protected":false},"excerpt":{"rendered":"<p>Esse servi\u00e7o \u00e9 destinado a clientes que j\u00e1 adquiriram modifica\u00e7\u00e3o da linha Randon RCSHOP em pacotes individuais e desejam fazer a convers\u00e3o para o produto: <a href=\"https:\/\/rcteam.com.br\/rcshop\/produto\/pre-venda-randon-pack-1-frigorificas-baus-basculante-areia-e-brita-ets-2\/\">Pack de Reboques Randon Vol. 1 \u2013 Euro Truck Simulator 2<\/a>.<\/p>\n<p><strong>Leia a descri\u00e7\u00e3o completa abaixo antes de solicitar esse servi\u00e7o.<\/strong><\/p>\n","protected":false},"featured_media":21908,"template":"","meta":{"_acf_changed":false,"_seopress_robots_primary_cat":"none","_seopress_titles_title":"Servi\u00e7o de convers\u00e3o - RCSHOP Randon Pack 1 - ETS 2","_seopress_titles_desc":"Solicite a convers\u00e3o dos semirreboques Randon RCSHOP para um pack \u00fanico e otimizado para ETS 2 MP","_seopress_robots_index":""},"product_brand":[],"product_cat":[208],"product_tag":[],"class_list":{"0":"post-21914","1":"product","2":"type-product","3":"status-publish","4":"has-post-thumbnail","6":"product_cat-descontinuados","8":"first","9":"outofstock","10":"shipping-taxable","11":"purchasable","12":"product-type-simple"},"acf":[],"_links":{"self":[{"href":"https:\/\/rcteam.com.br\/rcshop\/wp-json\/wp\/v2\/product\/21914","targetHints":{"allow":["GET"]}}],"collection":[{"href":"https:\/\/rcteam.com.br\/rcshop\/wp-json\/wp\/v2\/product"}],"about":[{"href":"https:\/\/rcteam.com.br\/rcshop\/wp-json\/wp\/v2\/types\/product"}],"wp:featuredmedia":[{"embeddable":true,"href":"https:\/\/rcteam.com.br\/rcshop\/wp-json\/wp\/v2\/media\/21908"}],"wp:attachment":[{"href":"https:\/\/rcteam.com.br\/rcshop\/wp-json\/wp\/v2\/media?parent=21914"}],"wp:term":[{"taxonomy":"product_brand","embeddable":true,"href":"https:\/\/rcteam.com.br\/rcshop\/wp-json\/wp\/v2\/product_brand?post=21914"},{"taxonomy":"product_cat","embeddable":true,"href":"https:\/\/rcteam.com.br\/rcshop\/wp-json\/wp\/v2\/product_cat?post=21914"},{"taxonomy":"product_tag","embeddable":true,"href":"https:\/\/rcteam.com.br\/rcshop\/wp-json\/wp\/v2\/product_tag?post=21914"}],"curies":[{"name":"wp","href":"https:\/\/api.w.org\/{rel}","templated":true}]}}