{"id":5806,"date":"2019-02-16T23:28:42","date_gmt":"2019-02-17T01:28:42","guid":{"rendered":"https:\/\/rcteam.com.br\/rcshop\/?post_type=product&#038;p=5806"},"modified":"2026-03-20T05:34:20","modified_gmt":"2026-03-20T08:34:20","slug":"pack-de-florestais-guerra-modelo-1995-3-0-para-ets-2-compraveis","status":"publish","type":"product","link":"https:\/\/rcteam.com.br\/rcshop\/produto\/pack-de-florestais-guerra-modelo-1995-3-0-para-ets-2-compraveis\/","title":{"rendered":"Pack Florestal Guerra | ETS 2"},"content":{"rendered":"<p>As florestais Guerra s\u00e3o fortes, robustas e levam muito peso, s\u00e3o aut\u00eanticos implementos ra\u00edzes e tomam como refer\u00eancia o ano de 1995. Uma pegada retr\u00f4 que a equipe RC tem em seu DNA e que transplanta para o mod.<\/p>\n<p>O mod vem sendo atualizado desde a sua cria\u00e7\u00e3o em meados de novembro de 2016 e desde ent\u00e3o recebendo melhorias e em 2019 recebeu a sua maior e melhor atualiza\u00e7\u00e3o com uma nova modelagem e varia\u00e7\u00f5es de composi\u00e7\u00f5es e cargas, al\u00e9m do tr\u00e1fego com as mais variadas possibilidades.<\/p>\n<table>\n<thead>\n<tr>\n<td style=\"text-align: left;\">Chassis<\/td>\n<\/tr>\n<\/thead>\n<tbody>\n<tr>\n<td style=\"text-align: left;\">\n<ul>\n<li>3 Eixos para Caminh\u00f5es 4&#215;2<\/li>\n<li>3 Eixos para Caminh\u00f5es 6&#215;2\/6&#215;4<\/li>\n<li>Bi trem 7 Eixos<\/li>\n<li>Tri trem 9 Eixos<\/li>\n<\/ul>\n<\/td>\n<\/tr>\n<\/tbody>\n<\/table>\n<table>\n<thead>\n<tr>\n<td style=\"text-align: left;\">Caixa de Carga<\/td>\n<\/tr>\n<\/thead>\n<tbody>\n<tr>\n<td style=\"text-align: left;\">\n<ul>\n<li>Fueiros Florestais (Padr\u00e3o Gaiola)<\/li>\n<li>Fueiros Florestais (Padr\u00e3o Transtora)<\/li>\n<\/ul>\n<\/td>\n<\/tr>\n<\/tbody>\n<\/table>\n<table>\n<thead>\n<tr>\n<td style=\"text-align: left;\">Intera\u00e7\u00e3o de carregamento nas empresas do game<\/td>\n<\/tr>\n<\/thead>\n<tbody>\n<tr>\n<td style=\"text-align: left;\">\n<ul>\n<li>3 Varia\u00e7\u00e3o de Toras<\/li>\n<li>3 Varia\u00e7\u00f5es de Madeiras Serradas<\/li>\n<li>Cor edit\u00e1vel padr\u00e3o SCS.<\/li>\n<\/ul>\n<\/td>\n<\/tr>\n<\/tbody>\n<\/table>\n<table>\n<thead>\n<tr>\n<td style=\"text-align: left;\">Acess\u00f3rios<\/td>\n<\/tr>\n<\/thead>\n<tbody>\n<tr>\n<td style=\"text-align: left;\">\n<ul>\n<li>Protetores laterais;<\/li>\n<li>Placa de identifica\u00e7\u00e3o de empresas;<\/li>\n<li>Placa de comprimento;<\/li>\n<li>Rodas duplas e Pneus;<\/li>\n<li>Calotas 3 e 5 Pontas;<\/li>\n<li>Template Skins;<\/li>\n<li>Skins Padr\u00f5es do tipo do implemento<\/li>\n<\/ul>\n<\/td>\n<\/tr>\n<\/tbody>\n<\/table>\n<table>\n<thead>\n<tr>\n<td style=\"text-align: left;\">Mod compat\u00edvel com os mapas<\/td>\n<\/tr>\n<\/thead>\n<tbody>\n<tr>\n<td style=\"text-align: left;\">\n<ul>\n<li>Mapas originais do jogo (Todas as Cargas FLORESTAIS);<\/li>\n<li>Mapa RC BRASIL (Todas as Cargas FLORESTAIS);<\/li>\n<li>Outros mapas brasileiros compat\u00edveis com as cargas FLORESTAIS do jogo;<\/li>\n<\/ul>\n<p>Os implementos s\u00e3o compr\u00e1veis na loja de reboques e est\u00e1 sob a defini\u00e7\u00e3o de LOG que faz com que os modelos estejam aptos a carregar todas as cargas de madeira do jogo em diversos mapas. Para saber que ir\u00e1 funcionar no mapa desejado, basta verificar se o FLORESTAL original do game funciona no mapa que quer usar.<\/p>\n<p><em><strong>Observa\u00e7\u00e3o:<\/strong> <span style=\"color: #3366ff;\">Os mapas podem mudar as suas defini\u00e7\u00f5es de cargas sem aviso pr\u00e9vio e fazer com que o pack deixe de funcionar , tal condi\u00e7\u00e3o \u00e9 de responsabilidade dos editores dos mapas e n\u00e3o da RCTEAM, ao comprar o mod voc\u00ea concorda com essa condi\u00e7\u00e3o.<\/span><\/em><\/td>\n<\/tr>\n<\/tbody>\n<\/table>\n<table>\n<thead>\n<tr>\n<td style=\"text-align: left;\">Prazo de Entrega e Forma de Envio<\/td>\n<\/tr>\n<\/thead>\n<tbody>\n<tr>\n<td style=\"text-align: left;\">\n<ul>\n<li>Em at\u00e9 2 dias \u00fateis ap\u00f3s a confirma\u00e7\u00e3o do pagamento pela empresa administradora de pagamento.<\/li>\n<li>Arquivo digital (Compartilhamento via Google Drive)<\/li>\n<\/ul>\n<\/td>\n<\/tr>\n<\/tbody>\n<tfoot>\n<tr>\n<td><em>Uma Conta Gmail \u00e9 obrigat\u00f3ria para o recebimento do mod.<\/em><\/td>\n<\/tr>\n<\/tfoot>\n<\/table>\n<table>\n<thead>\n<tr>\n<td style=\"text-align: left;\">Normas de uso<\/td>\n<\/tr>\n<\/thead>\n<tbody>\n<tr>\n<td style=\"text-align: left;\">\n<ul>\n<li>Venda apenas para uso individual do comprador. \u00c9 vetada a edi\u00e7\u00e3o, compartilhamento, distribui\u00e7\u00e3o, doa\u00e7\u00e3o, troca ou revenda da modifica\u00e7\u00e3o.<\/li>\n<li>N\u00e3o mudaremos dados de e-mails dos compradores ap\u00f3s o envio. Exceto se o mesmo for cancelado pelo Google e n\u00e3o seja mais poss\u00edvel enviar atualiza\u00e7\u00f5es.<\/li>\n<\/ul>\n<\/td>\n<\/tr>\n<\/tbody>\n<\/table>\n<p>&nbsp;<\/p>\n","protected":false},"excerpt":{"rendered":"<p>As florestais Guerra s\u00e3o fortes, robustas e levam muito peso, s\u00e3o aut\u00eanticos implementos ra\u00edzes e tomam como refer\u00eancia o ano de 95. Uma pegada retr\u00f4 que a equipe RC tem em seu DNA e que transplanta para o mod.<\/p>\n<p>O mod vem sendo atualizado desde a sua cria\u00e7\u00e3o em meados de novembro de 2016 e desde ent\u00e3o recebendo melhorias e em 2019 recebeu a sua maior e melhor atualiza\u00e7\u00e3o com uma nova modelagem e varia\u00e7\u00f5es de composi\u00e7\u00f5es e cargas, al\u00e9m do tr\u00e1fego com as mais variadas possibilidades.<\/p>\n","protected":false},"featured_media":10563,"template":"","meta":{"_acf_changed":false,"_seopress_robots_primary_cat":"none","_seopress_titles_title":"Carreta Florestal 95 Guerra para Euro Truck Simulator 2","_seopress_titles_desc":"Conhe\u00e7a as Florestais Guerra, fortes e robustas e com um uma pegada retr\u00f4 que s\u00f3 os anos 90 ofereceram. Conhe\u00e7a o mod!","_seopress_robots_index":""},"product_brand":[],"product_cat":[104,29],"product_tag":[26,27,33,24,32,23,22],"class_list":{"0":"post-5806","1":"product","2":"type-product","3":"status-publish","4":"has-post-thumbnail","6":"product_cat-bitrens","7":"product_cat-reboques","8":"product_tag-carretas","9":"product_tag-euro-truck-simulator-2","10":"product_tag-graneleiras","11":"product_tag-guerra","12":"product_tag-pack-de-reboques","13":"product_tag-pack-reboques","14":"product_tag-victor-rodrigues","16":"first","17":"instock","18":"featured","19":"shipping-taxable","20":"purchasable","21":"product-type-simple"},"acf":[],"_links":{"self":[{"href":"https:\/\/rcteam.com.br\/rcshop\/wp-json\/wp\/v2\/product\/5806","targetHints":{"allow":["GET"]}}],"collection":[{"href":"https:\/\/rcteam.com.br\/rcshop\/wp-json\/wp\/v2\/product"}],"about":[{"href":"https:\/\/rcteam.com.br\/rcshop\/wp-json\/wp\/v2\/types\/product"}],"wp:featuredmedia":[{"embeddable":true,"href":"https:\/\/rcteam.com.br\/rcshop\/wp-json\/wp\/v2\/media\/10563"}],"wp:attachment":[{"href":"https:\/\/rcteam.com.br\/rcshop\/wp-json\/wp\/v2\/media?parent=5806"}],"wp:term":[{"taxonomy":"product_brand","embeddable":true,"href":"https:\/\/rcteam.com.br\/rcshop\/wp-json\/wp\/v2\/product_brand?post=5806"},{"taxonomy":"product_cat","embeddable":true,"href":"https:\/\/rcteam.com.br\/rcshop\/wp-json\/wp\/v2\/product_cat?post=5806"},{"taxonomy":"product_tag","embeddable":true,"href":"https:\/\/rcteam.com.br\/rcshop\/wp-json\/wp\/v2\/product_tag?post=5806"}],"curies":[{"name":"wp","href":"https:\/\/api.w.org\/{rel}","templated":true}]}}